 base 12.
646535
What is 98037 (base 10) in base 13?
35814
16ea2 (base 15) to base 7
426155
Convert 480382 (base 9) to base 8.
1064351
What is 10402323244 (base 5) in base 16?
ad7fd1
-1001100101010 (base 2) to base 10
-4906
-3857182 (base 9) to base 10
-2104778
Convert -3022820 (base 9) to base 14.
-2dc813
-1798940 (base 10) to base 2
-110110111001100011100
Convert -2202200201120 (base 3) to base 10.
-1470192
-1057558 (base 11) to base 2
-111000100110100011111
-101231211 (base 5) to base 7
-3344422
-3abf73 (base 16) to base 8
-16537563
-3224203231 (base 5) to base 6
-403055202
Convert 120210212002001 (base 3) to base 5.
4122324110
Convert 332901 (base 14) to base 10.
1735973
-35a4bd (base 15) to base 16
-2727be
158b48 (base 12) to base 14
98160
Convert 102425135 (base 6) to base 14.
350b3d
-1b5829 (base 12) to base 10
-486753
What is 78a1 (base 14) in base 7?
114661
What is 21004 (base 14) in base 4?
103123130
Convert 88ca9 (base 14) to base 16.
51005
Convert -9e346 (base 15) to base 3.
-221120211110
Convert 11100000011010100100 (base 2) to base 6.
31411324
What is 2426450 (base 7) in base 15?
61b12
4236581 (base 9) to base 4
20221303231
What is 8c66 (base 13) in base 6?
231052
Convert 6057519 (base 11) to base 16.
a375c1
Convert -393aa9 (base 13) to base 3.
-2121002002222
What is 2028222 (base 9) in base 8?
4101242
155101221 (base 6) to base 3
20020201002011
1120033 (base 4) to base 6
42051
Convert 10010111010011100010 (base 2) to base 12.
25a796
What is 227023 (base 11) in base 2?
1011000000100010110
Convert 1265025 (base 7) to base 9.
274563
What is 102122120121 (base 3) in base 13?
804c7
What is -85af0e (base 16) in base 9?
-17432867
8f64f (base 16) to base 11
371309
-11122222 (base 4) to base 15
-6891
12000121102 (base 3) to base 16
1822a
What is -250664 (base 10) in base 12?
-101088
-202303410 (base 5) to base 7
-6663352
-3123113333 (base 4) to base 14
-19566b
-84eb5 (base 16) to base 13
-160a6a
What is -6442817 (base 10) in base 14?
-bd9d73
Convert -44dd9a (base 16) to base 12.
-1617962
-5356615 (base 8) to base 16
-15dd8d
Convert 5901 (base 10) to base 12.
34b9
-1001110101001100101001 (base 2) to base 7
-30622453
210060 (base 10) to base 2
110011010010001100
Convert -40221321 (base 5) to base 3.
-121021020200
-60653 (base 9) to base 11
-27a83
Convert -2143011000 (base 5) to base 7.
-54404155
What is -11101110110100 (base 2) in base 12?
-8a18
Convert -ab7428 (base 12) to base 10.
-2729120
10002231133 (base 4) to base 16
102b5f
-31220202312 (base 4) to base 14
-690658
Convert -1000100111011110011 (base 2) to base 15.
-589da
What is -7d985a (base 14) in base 4?
-100113133120
-11831a (base 12) to base 7
-2261353
10011000220200 (base 3) to base 4
12120213321
309aa (base 12) to base 3
10020021211
1100001110000100001111 (base 2) to base 11
18987a0
Convert 17135 (base 11) to base 14.
8b09
20576 (base 10) to base 11
14506
-149271 (base 12) to base 4
-1110320311
Convert -773734 (base 10) to base 3.
-1110022100211
Convert 22bcb (base 14) to base 8.
245257
What is -3654530 (base 7) in base 8?
-1620750
1335546 (base 8) to base 15
76489
Convert 3008302 (base 10) to base 16.
2de72e
-59520b (base 12) to base 14
-296975
35d73 (base 15) to base 12
834b3
22550041 (base 7) to base 10
1978453
Convert -102002101022 (base 3) to base 8.
-652211
Convert 351436 (base 7) to base 16.
f610
What is -32b984 (base 12) in base 7?
-6604525
Convert -29d291 (base 14) to base 16.
-163daf
-10001111011011011111111 (base 2) to base 4
-101323123333
Convert 100000122120 (base 3) to base 2.
101011010111010101
What is 232ab (base 14) in base 13?
2cc72
What is -48275 (base 11) in base 12?
-342a8
Convert 34bc4c (base 14) to base 11.
101a198
What is 1325532 (base 6) in base 2?
10010000010000000
What is -5268522 (base 10) in base 2?
-10100000110010000101010
24002420 (base 6) to base 7
6231042
Convert -2371d (base 14) to base 2.
-10101000110111111
What is 11102211012100 (base 3) in base 15?
318c09
What is 377242 (base 9) in base 7?
1640552
What is -6604067 (base 10) in base 4?
-121030110203
-341b73 (base 12) to base 4
-3023111013
Convert 438894 (base 11) to base 14.
143090
What is -3221064 (base 9) in base 7?
-20450014
What is 14b88c0 (base 13) in base 12?
2285758
237a82 (base 11) to base 3
201010122201
Convert -111511151 (base 7) to base 12.
-2337075
-23132103121 (base 4) to base 12
-10106a1
Convert 2114130 (base 7) to base 3.
111000002120
What is 2097d (base 16) in base 10?
133501
What is 2102303230 (base 4) in base 10?
601324
-313542 (base 6) to base 10
-25478
Convert -b25b3 (base 15) to base 6.
-20035210
Convert 1a5740 (base 11) to base 10.
315007
-331040323 (base 5) to base 16
-15bc4f
37026 (base 9) to base 16
60ea
-7a16991 (base 11) to base 9
-28361665
-396aa (base 15) to base 3
-100100001221
Convert 251542 (base 7) to base 4.
23102131
Convert -532652 (base 7) to base 3.
-11200112212
ae80db (base 16) to base 5
10411430001
Convert -1031 (base 7) to base 2.
-101101101
-50133202 (base 6) to base 2
-101011000101111100010
What is -4095 (base 11) in base 4?
-1110310
-337102 (base 10) to base 11
-2102a7
What is -23502353 (base 7) in base 11?
-11a449a
What is -126470 (base 13) in base 6?
-13251552
What is 2543264 (base 8) in base 7?
6000655
Convert 134344004 (base 6) to base 11.
15a9193
Convert -a9776 (base 13) to base 6.
-10323423
Convert -212222221220 (base 3) to base 16.
-7352a
What is -23343420 (base 6) in base 11?
-45890a
What is 8573266 (base 10) in base 12?
2a5546a
Convert 11618316 (base 9) to base 4.
111223003023
Convert 1023855 (base 9) to base 13.
162245
-103210023 (base 4) to base 10
-80139
Convert -202002 (base 5) to base 15.
-1dd7
Convert 401501420 (base 6) to base 14.
c91a28
What is 101002010001 (base 3) in base 7?
1454224
Convert 202244313 (base 6) to base 14.
6661b7
-6675445 (base 8) to base 2
-110110111101100100101
-10010000100110100111101 (base 2) to base 5
-2203111430
What is -185ab54 (base 13) in base 8?
-36302320
Convert -1101001101100100001000 (base 2) to base 14.
-662280
What is -7531898 (base 10) in base 6?
-425233522
471894 (base 10) to base 9
788276
143410430 (base 5) to base 13
20952a
-11000110111010010010011 (base 2) to base 15
-88b372
What is 1828b96 (base 12) in base 11?
2928931
38dd3 (base 15) to base 2
101100011011101110
Convert -12002212120 (base 4) to base 10.
-1583512
Convert 1102221022211 (base 3) to base 10.
766417
What is 101221320101 (base 4) in base 5?
2141043420
What is 13be94 (base 15) in base 6?
32221504
Convert -3263361 (base 8) to base 9.
-1577742
2343031 (base 6) to base 8
357173
-17244523 (base 8) to base 5
-2012011332
Convert -23413411 (base 6) to base 12.
-2b4267
Convert -1420465 (base 7) to base 11.
-11a767
Convert 110124422 (base 6) to base 12.
7b0712
33023531 (base 8) to base 5
3303303321
What is 13320546 (base 8) in base 10?
2990438
44249 (base 14) to base 2
101000010011101001
What is -10302 (base 6) in base 16?
-57e
What is 21332312031 (base 4) in base 6?
132030233
What is 202100100100120 (base 3) in base 2?
101001001111110101110010
Convert -3404462 (base 10) to base 14.
-64899c
Convert a18e3 (base 16) to base 11.
412194
1da3e (base 16) to base 3
20011112112
Convert 168799 (base 12) to base 16.
5ec65
What is -241322114 (base 5) in base 16?
-11181c
Convert 1110101010000100011 (base 2) to base 7.
4040160
Convert d8a66 (base 16) to base 15.
127ded
-1442635 (base 9) to base 5
-200431412
What is -1832613 (base 11) in base 14?
-5ac578
Convert -168647 (base 11) to base 2.
-111111100011100010
851825 (base 12) to base 11
1202767
What is 545541 (base 7) in base 11?
65935
Convert -620314 (base 9) to base 2.
-1011001110000111000
What is -7913b8 (base 14) in base 8?
-17543126
What is 1018801 (base 10) in base 12?
411701
-2564131 (base 8) to base 11
-449086
-14015413 (base 6) to base 12
-1a7569
490433 (base 11) to base 4
2331210231
Convert 105 (base 11) to base 15.
86
Convert -187315 (base 10) to base 14.
-4c399
What is 1022001110001 (base 3) in base 5?
134034314
112312310 (base 4) to base 16
16db4
b0560 (base 14) to base 5
102024030
-2820454 (base 9) to base 7
-16110235
-111110001111111111001 (base 2) to base 16
-1f1ff9
Convert -230665 (base 9) to base 10.
-138326
What is -3ee39 (base 16) in base 13?
-9032b
17db5e (base 15) to base 10
11601